{"id":417,"date":"2015-09-30T12:44:29","date_gmt":"2015-09-30T12:44:29","guid":{"rendered":"http:\/\/demo.loprd.pl\/creativa\/?page_id=417"},"modified":"2023-03-03T01:02:06","modified_gmt":"2023-03-03T01:02:06","slug":"contacto","status":"publish","type":"page","link":"https:\/\/www.paralab.mx\/main\/contacto\/","title":{"rendered":"Contacto"},"content":{"rendered":"<p>[vc_row common_height=&#8221;true&#8221; inner_separator_top=&#8221;0&#8243; inner_separator_bottom=&#8221;0&#8243; css=&#8221;.vc_custom_1596065448092{margin-bottom: 0px !important;padding-top: 100px !important;padding-bottom: 100px !important;}&#8221;][vc_column width=&#8221;7\/12&#8243;][vc_column_text]<\/p>\n<h4>Preguntas Frecuentes:<\/h4>\n<p>[\/vc_column_text][vc_accordion collapsible=&#8221;yes&#8221;][vc_accordion_tab title=&#8221;\u00bfCu\u00e1nto tiempo se tarda en crear una p\u00e1gina web?&#8221;][vc_column_text]El tiempo del desarrollo es variado pero desde el dia de la compra hasta el lanzamiento pueden pasar entre 4 y 6 semanas.[\/vc_column_text][\/vc_accordion_tab][vc_accordion_tab title=&#8221;\u00bfNecesito conocimientos t\u00e9cnicos para crear una p\u00e1gina web?&#8221;][vc_column_text]La respuesta es: No. Paralab\u00ae es responsable de entregarte tu sitio web terminando y funcionando. Cualquier problema que se llegara a presentar, cuentas con el respaldo de la empresa para hacer cualquier programaci\u00f3n.[\/vc_column_text][\/vc_accordion_tab][vc_accordion_tab title=&#8221;\u00bfPuedo actualizar mi p\u00e1gina web yo mismo o necesito contratar a alguien para hacerlo?&#8221;][vc_column_text]La suscripci\u00f3n anual incluye los cambios y actualizaciones que quieras, siempre y cuando sean modificaciones espec\u00edficas.[\/vc_column_text][\/vc_accordion_tab][vc_accordion_tab title=&#8221;\u00bfC\u00f3mo puedo asegurarme de que mi sitio web sea compatible con dispositivos m\u00f3viles?&#8221;][vc_column_text]Todas nuestros sitios web est\u00e1n hechos con tecnolog\u00eda Responsive, esto garantiza el funcionamiento de la p\u00e1gina en diferentes dispositivos m\u00f3viles y tablets.[\/vc_column_text][\/vc_accordion_tab][\/vc_accordion][vc_empty_space height=&#8221;50&#8243;][\/vc_column][vc_column width=&#8221;5\/12&#8243; css=&#8221;.vc_custom_1677796720334{padding-left: 45px !important;}&#8221;][vc_column_text]<\/p>\n<h4>\u00bfQuieres cotizar?<\/h4>\n<p class=\"h5-size\"><span style=\"color: #999999;\">Si lo que est\u00e1s buscando es una cotizaci\u00f3n personalizada para tu negocio, d\u00edrigete al cotizador online y genera un n\u00famero de orden.<\/span><\/p>\n<p>[\/vc_column_text][vc_button2 title=&#8221;Ir al Cotizador Online&#8221; link=&#8221;url:https%3A%2F%2Fwww.paralab.mx%2Fmain%2Fhome%2Fcotizador-online%2F|title:05%20Cotizador%20Online||&#8221;][\/vc_column][\/vc_row]<\/p>\n","protected":false},"excerpt":{"rendered":"<p>[vc_row common_height=&#8221;true&#8221; inner_separator_top=&#8221;0&#8243; inner_separator_bottom=&#8221;0&#8243; css=&#8221;.vc_custom_1596065448092{margin-bottom: 0px !important;padding-top: 100px !important;padding-bottom: 100px !important;}&#8221;][vc_column width=&#8221;7\/12&#8243;][vc_column_text] Preguntas Frecuentes: [\/vc_column_text][vc_accordion collapsible=&#8221;yes&#8221;][vc_accordion_tab title=&#8221;\u00bfCu\u00e1nto tiempo se tarda en crear una p\u00e1gina web?&#8221;][vc_column_text]El tiempo del desarrollo es variado pero desde el dia de [&#8230;]<\/p>\n<p><a class=\"more-link btn btn-default btn-sm\" href=\"https:\/\/www.paralab.mx\/main\/contacto\/\">Continue Reading<\/a><\/p>\n","protected":false},"author":1,"featured_media":0,"parent":0,"menu_order":0,"comment_status":"closed","ping_status":"closed","template":"template-full-width.php","meta":[],"_links":{"self":[{"href":"https:\/\/www.paralab.mx\/main\/wp-json\/wp\/v2\/pages\/417"}],"collection":[{"href":"https:\/\/www.paralab.mx\/main\/wp-json\/wp\/v2\/pages"}],"about":[{"href":"https:\/\/www.paralab.mx\/main\/wp-json\/wp\/v2\/types\/page"}],"author":[{"embeddable":true,"href":"https:\/\/www.paralab.mx\/main\/wp-json\/wp\/v2\/users\/1"}],"replies":[{"embeddable":true,"href":"https:\/\/www.paralab.mx\/main\/wp-json\/wp\/v2\/comments?post=417"}],"version-history":[{"count":26,"href":"https:\/\/www.paralab.mx\/main\/wp-json\/wp\/v2\/pages\/417\/revisions"}],"predecessor-version":[{"id":3331,"href":"https:\/\/www.paralab.mx\/main\/wp-json\/wp\/v2\/pages\/417\/revisions\/3331"}],"wp:attachment":[{"href":"https:\/\/www.paralab.mx\/main\/wp-json\/wp\/v2\/media?parent=417"}],"curies":[{"name":"wp","href":"https:\/\/api.w.org\/{rel}","templated":true}]}}