{"id":487,"date":"2015-10-01T10:43:35","date_gmt":"2015-10-01T10:43:35","guid":{"rendered":"http:\/\/demo.loprd.pl\/creativa\/?page_id=487"},"modified":"2023-03-03T00:34:08","modified_gmt":"2023-03-03T00:34:08","slug":"home","status":"publish","type":"page","link":"https:\/\/www.paralab.mx\/main\/","title":{"rendered":"Home"},"content":{"rendered":"<p>[vc_row full_width_content=&#8221;full-width&#8221; css=&#8221;.vc_custom_1442318466378{margin-bottom: 0px !important;}&#8221;][vc_column]\n\t\t\t<!-- START Slider 2 REVOLUTION SLIDER 6.2.2 --><p class=\"rs-p-wp-fix\"><\/p>\n\t\t\t<rs-module-wrap id=\"rev_slider_2_1_wrapper\" data-source=\"gallery\" style=\"background:transparent;padding:0;margin:0px auto;margin-top:0;margin-bottom:0;\">\n\t\t\t\t<rs-module id=\"rev_slider_2_1\" style=\"display:none;\" data-version=\"6.2.2\">\n\t\t\t\t\t<rs-slides>\n\t\t\t\t\t\t<rs-slide data-key=\"rs-2\" data-title=\"Slide\" data-duration=\"10000ms\" data-anim=\"ei:d;eo:d;s:1000;r:0;t:fade;sl:0;\">\n\t\t\t\t\t\t\t<img src=\"\/\/www.paralab.mx\/main\/wp-content\/uploads\/2020\/07\/ballpen-blur-close-up-computer-461077.jpg\" title=\"ballpen-blur-close-up-computer-461077\" width=\"1920\" height=\"1280\" class=\"rev-slidebg\" data-no-retina>\n<!---->\t\t\t\t\t\t<\/rs-slide>\n\t\t\t\t\t<\/rs-slides>\n\t\t\t\t\t<rs-static-layers><!--\n\n\t\t\t\t\t\t\t--><rs-layer\n\t\t\t\t\t\t\t\tid=\"slider-2-slide-2-layer-0\" \n\t\t\t\t\t\t\t\tclass=\"rs-layer-static\"\n\t\t\t\t\t\t\t\tdata-type=\"text\"\n\t\t\t\t\t\t\t\tdata-rsp_ch=\"on\"\n\t\t\t\t\t\t\t\tdata-xy=\"x:c;y:m;\"\n\t\t\t\t\t\t\t\tdata-text=\"w:normal;s:75,61,46,28;l:209,172,130,80;a:center;\"\n\t\t\t\t\t\t\t\tdata-onslides=\"s:-1;e:-1;\"\n\t\t\t\t\t\t\t\tdata-frame_999=\"o:0;st:w;\"\n\t\t\t\t\t\t\t\tstyle=\"z-index:1;font-family:Roboto;\"\n\t\t\t\t\t\t\t>\ud83d\udcad\ud83d\udd8c\ufe0f\u2192\ud83c\udfa8\ud83d\udcbb\u2192\ud83e\udd1d\ud83d\ude80\u2192\ud83c\udf0e\ud83c\udf89 \n\t\t\t\t\t\t\t<\/rs-layer><!--\n\n\t\t\t\t\t\t\t--><rs-layer\n\t\t\t\t\t\t\t\tid=\"slider-2-slide-2-layer-1\" \n\t\t\t\t\t\t\t\tclass=\"rs-layer-static\"\n\t\t\t\t\t\t\t\tdata-type=\"text\"\n\t\t\t\t\t\t\t\tdata-color=\"#fff\"\n\t\t\t\t\t\t\t\tdata-tsh=\"c:rgba(0,0,0,0.45);h:15px,12px,9px,5px;v:15px,12px,9px,5px;b:20px,16px,12px,7px;\"\n\t\t\t\t\t\t\t\tdata-rsp_ch=\"on\"\n\t\t\t\t\t\t\t\tdata-xy=\"x:c;y:m;yo:-150px,-123px,-93px,-57px;\"\n\t\t\t\t\t\t\t\tdata-text=\"w:normal;s:50,41,31,19;l:90,74,56,34;fw:200;a:center;\"\n\t\t\t\t\t\t\t\tdata-dim=\"minh:0px,none,none,none;\"\n\t\t\t\t\t\t\t\tdata-onslides=\"s:-1;e:-1;\"\n\t\t\t\t\t\t\t\tdata-frame_999=\"o:0;st:w;\"\n\t\t\t\t\t\t\t\tstyle=\"z-index:6;font-family:Montserrat;\"\n\t\t\t\t\t\t\t>Tener \u00e9xito en L\u00ednea \n\t\t\t\t\t\t\t<\/rs-layer><!--\n\n\t\t\t\t\t\t\t--><rs-layer\n\t\t\t\t\t\t\t\tid=\"slider-2-slide-2-layer-2\" \n\t\t\t\t\t\t\t\tclass=\"rs-layer-static\"\n\t\t\t\t\t\t\t\tdata-type=\"text\"\n\t\t\t\t\t\t\t\tdata-color=\"#fff\"\n\t\t\t\t\t\t\t\tdata-tsh=\"c:rgba(0,0,0,0.45);h:15px,12px,9px,5px;v:15px,12px,9px,5px;b:20px,16px,12px,7px;\"\n\t\t\t\t\t\t\t\tdata-rsp_ch=\"on\"\n\t\t\t\t\t\t\t\tdata-xy=\"x:c;y:m;yo:100px,82px,62px,38px;\"\n\t\t\t\t\t\t\t\tdata-text=\"w:normal;s:38,31,23,14;l:90,74,56,34;fw:200;\"\n\t\t\t\t\t\t\t\tdata-dim=\"minh:0px,none,none,none;\"\n\t\t\t\t\t\t\t\tdata-onslides=\"s:-1;e:-1;\"\n\t\t\t\t\t\t\t\tdata-frame_999=\"o:0;st:w;\"\n\t\t\t\t\t\t\t\tstyle=\"z-index:7;font-family:Montserrat;\"\n\t\t\t\t\t\t\t>Se acaba de hacer m\u00e1s f\u00e1cil \n\t\t\t\t\t\t\t<\/rs-layer><!--\n\t\t\t\t\t--><\/rs-static-layers>\n\t\t\t\t\t<rs-progress class=\"rs-bottom\" style=\"visibility: hidden !important;\"><\/rs-progress>\n\t\t\t\t<\/rs-module>\n\t\t\t\t<script type=\"text\/javascript\">\n\t\t\t\t\tsetREVStartSize({c: 'rev_slider_2_1',rl:[1240,1024,778,480],el:[900,768,960,720],gw:[1240,1024,778,480],gh:[900,768,960,720],type:'hero',justify:'',layout:'fullwidth',mh:\"0\"});\n\t\t\t\t\tvar\trevapi2,\n\t\t\t\t\t\ttpj;\n\t\t\t\t\tjQuery(function() {\n\t\t\t\t\t\ttpj = jQuery;\n\t\t\t\t\t\tif(tpj(\"#rev_slider_2_1\").revolution == undefined){\n\t\t\t\t\t\t\trevslider_showDoubleJqueryError(\"#rev_slider_2_1\");\n\t\t\t\t\t\t}else{\n\t\t\t\t\t\t\trevapi2 = tpj(\"#rev_slider_2_1\").show().revolution({\n\t\t\t\t\t\t\t\tsliderType:\"hero\",\n\t\t\t\t\t\t\t\tjsFileLocation:\"\/\/www.paralab.mx\/main\/wp-content\/plugins\/revslider\/public\/assets\/js\/\",\n\t\t\t\t\t\t\t\tsliderLayout:\"fullwidth\",\n\t\t\t\t\t\t\t\tvisibilityLevels:\"1240,1024,778,480\",\n\t\t\t\t\t\t\t\tgridwidth:\"1240,1024,778,480\",\n\t\t\t\t\t\t\t\tgridheight:\"900,768,960,720\",\n\t\t\t\t\t\t\t\tspinner:\"spinner8\",\n\t\t\t\t\t\t\t\teditorheight:\"900,768,960,720\",\n\t\t\t\t\t\t\t\tresponsiveLevels:\"1240,1024,778,480\",\n\t\t\t\t\t\t\t\tdisableProgressBar:\"on\",\n\t\t\t\t\t\t\t\tnavigation: {\n\t\t\t\t\t\t\t\t\tonHoverStop:false\n\t\t\t\t\t\t\t\t},\n\t\t\t\t\t\t\t\tfallbacks: {\n\t\t\t\t\t\t\t\t\tallowHTML5AutoPlayOnAndroid:true\n\t\t\t\t\t\t\t\t},\n\t\t\t\t\t\t\t});\n\t\t\t\t\t\t}\n\t\t\t\t\t\t\n\t\t\t\t\t});\n\t\t\t\t<\/script>\n\t\t\t<\/rs-module-wrap>\n\t\t\t<!-- END REVOLUTION SLIDER -->\n[\/vc_column][\/vc_row][vc_row animated_canvas=&#8221;metaBalls&#8221; animated_canvas_color=&#8221;#e93b3a&#8221; animated_canvas_count=&#8221;3&#8243; inner_separator_top=&#8221;0&#8243; inner_separator_bottom=&#8221;0&#8243; css=&#8221;.vc_custom_1596065086172{padding-top: 100px !important;}&#8221;][vc_column width=&#8221;2\/3&#8243; offset=&#8221;vc_col-lg-offset-2 vc_col-md-offset-2&#8243;][vc_column_text]<\/p>\n<h5 style=\"text-align: center;\"><span style=\"color: #1a1a1a;\">M\u00e1s de 15 a\u00f1os programando<\/span><\/h5>\n<h2 class=\"jumbo\" style=\"text-align: center;\">Dise\u00f1o web <em><span class=\"font-secondary\">centrado en el usuario <\/span><\/em><span class=\"font-secondary\">\ud83d\udc68\ud83c\udffd\u200d\ud83d\udcbb<\/span> especializados en comercios en l\u00ednea y experiencias digitales\ud83d\udcf1<\/h2>\n<h4 class=\"creativa-subtitle\" style=\"text-align: center;\"><span style=\"color: #333333;\">Consultor\u00eda digital hecha 100% a la medida.<\/span><\/h4>\n<p>[\/vc_column_text][vc_text_separator el_width=&#8221;small&#8221; css=&#8221;.vc_custom_1471100537611{padding-top: 25px !important;padding-bottom: 75px !important;}&#8221;][\/vc_column][\/vc_row][vc_row full_width_content=&#8221;full-width&#8221; common_height=&#8221;true&#8221; inner_separator_top=&#8221;0&#8243; inner_separator_bottom=&#8221;0&#8243; css=&#8221;.vc_custom_1470840092735{background-color: rgba(0,0,0,0.03) !important;*background-color: rgb(0,0,0) !important;}&#8221;][vc_column width=&#8221;1\/3&#8243; css=&#8221;.vc_custom_1457618494144{padding: 11% !important;}&#8221;][vc_column_text css=&#8221;.vc_custom_1596063319645{border-bottom-width: 2px !important;padding-bottom: 30px !important;border-bottom-color: rgba(0,0,0,0.03) !important;border-bottom-style: solid !important;}&#8221;]<\/p>\n<h2 class=\"jumbo\" style=\"text-align: right;\"><span class=\"color-accent\">01.<\/span><\/h2>\n<p>[\/vc_column_text][vc_column_text]<\/p>\n<h4 style=\"text-align: right;\">Dominio &amp; Hosting<\/h4>\n<p style=\"text-align: right;\">Si quieres crear una p\u00e1gina de internet, lo primero que necesitas es un dominio y un servicio de hosting. El <strong>dominio<\/strong> es el nombre de tu sitio web (por ejemplo, &#8220;tusitio.com&#8221;), mientras que el <strong>hosting<\/strong>\u00a0te permite almacenar tu sitio web en l\u00ednea y hacerlo accesible al p\u00fablico.<\/p>\n<p style=\"text-align: right;\">Es importante elegir un buen nombre de dominio y un servicio de hosting potente para que tu sitio web sea r\u00e1pido, seguro y confiable. Una vez que tengas ambos, estar\u00e1s listo para construir tu sitio web y comenzar a atraer visitantes.<\/p>\n<p style=\"text-align: right;\"><a href=\"https:\/\/www.paralab.mx\/main\/services\/\">Ver Precios \u2192<\/a><\/p>\n<p>[\/vc_column_text][\/vc_column][vc_column width=&#8221;2\/3&#8243; css=&#8221;.vc_custom_1596068423493{background-image: url(http:\/\/demo.loprd.pl\/creativa\/wp-content\/uploads\/placehold.it\/placehold.it-1920&#215;1280.gif?id=1983) !important;background-position: center !important;background-repeat: no-repeat !important;background-size: cover !important;}&#8221; offset=&#8221;vc_hidden-xs&#8221;][vc_single_image image=&#8221;3106&#8243; alignment=&#8221;right&#8221; img_size=&#8221;full&#8221;][\/vc_column][\/vc_row][vc_row full_width_content=&#8221;full-width&#8221; common_height=&#8221;true&#8221; inner_separator_top=&#8221;0&#8243; inner_separator_bottom=&#8221;0&#8243; css=&#8221;.vc_custom_1457618232297{background-color: rgba(0,0,0,0.03) !important;*background-color: rgb(0,0,0) !important;}&#8221;][vc_column width=&#8221;2\/3&#8243; css=&#8221;.vc_custom_1596068430087{background-image: url(http:\/\/demo.loprd.pl\/creativa\/wp-content\/uploads\/placehold.it\/placehold.it-1920&#215;1280.gif?id=1834) !important;background-position: center !important;background-repeat: no-repeat !important;background-size: cover !important;}&#8221; offset=&#8221;vc_hidden-xs&#8221;][vc_single_image image=&#8221;3105&#8243; alignment=&#8221;right&#8221; img_size=&#8221;full&#8221;][\/vc_column][vc_column width=&#8221;1\/3&#8243; css=&#8221;.vc_custom_1457618494144{padding: 11% !important;}&#8221;][vc_column_text css=&#8221;.vc_custom_1457618667111{border-bottom-width: 2px !important;padding-bottom: 30px !important;border-bottom-color: rgba(0,0,0,0.03) !important;border-bottom-style: solid !important;}&#8221;]<\/p>\n<h2 class=\"jumbo\"><span class=\"color-accent\">02.<\/span><\/h2>\n<p>[\/vc_column_text][vc_column_text]<\/p>\n<h4>Desarrollo Web<\/h4>\n<p>El desarrollo web es el proceso de crear y mantener tu p\u00e1gina de internet. Implica el dise\u00f1o, la programaci\u00f3n, la implementaci\u00f3n y el mantenimiento de tu sitio web. Un <strong>Desarrollo Web<\/strong> puede incluir la creaci\u00f3n de sitios web est\u00e1ticos y din\u00e1micos, as\u00ed como la integraci\u00f3n de bases de datos y aplicaciones web.<\/p>\n<p>Lo m\u00e1s importante es la experiencia creando sitios web profesionales y atractivos, para realmente alcanzar tus objetivos comerciales.<\/p>\n<p><a href=\"https:\/\/www.paralab.mx\/main\/services\/\">Ver Precios \u2192<\/a>[\/vc_column_text][\/vc_column][\/vc_row][vc_row full_width_content=&#8221;full-width&#8221; common_height=&#8221;true&#8221; inner_separator_top=&#8221;0&#8243; inner_separator_bottom=&#8221;0&#8243; css=&#8221;.vc_custom_1596062308198{background-color: rgba(0,0,0,0.03) !important;*background-color: rgb(0,0,0) !important;}&#8221;][vc_column width=&#8221;1\/3&#8243; css=&#8221;.vc_custom_1457618494144{padding: 11% !important;}&#8221;][vc_column_text css=&#8221;.vc_custom_1596063437536{border-bottom-width: 2px !important;padding-bottom: 30px !important;border-bottom-color: rgba(0,0,0,0.03) !important;border-bottom-style: solid !important;}&#8221;]<\/p>\n<h2 class=\"jumbo\" style=\"text-align: right;\"><span class=\"color-accent\">03.<\/span><\/h2>\n<p>[\/vc_column_text][vc_column_text]<\/p>\n<h4 style=\"text-align: right;\">Ecommerce<\/h4>\n<p style=\"text-align: right;\">La venta en l\u00ednea o ecommerce es una forma de comercio electr\u00f3nico que permite a las empresas vender productos y servicios en l\u00ednea. Vinculamos tu <strong>ecommerce<\/strong> con los sistemas de pago m\u00e1s usados en M\u00e9xico: Pagos en OXXO, cualquier tarjeta de d\u00e9bito o cr\u00e9dito y transferencias bancarias via SPEI, todo dirigido directamente a tu cuenta fiscal.<\/p>\n<p style=\"text-align: right;\">La venta en l\u00ednea es una forma conveniente y efectiva de llegar a un p\u00fablico m\u00e1s amplio y aumentar las ventas de una empresa.<\/p>\n<p style=\"text-align: right;\"><a href=\"https:\/\/www.paralab.mx\/main\/services\/\">Leer m\u00e1s \u2192<\/a><\/p>\n<p>[\/vc_column_text][\/vc_column][vc_column width=&#8221;2\/3&#8243; css=&#8221;.vc_custom_1596068437081{background-image: url(http:\/\/demo.loprd.pl\/creativa\/wp-content\/uploads\/placehold.it\/placehold.it-1920&#215;1280.gif?id=1983) !important;background-position: center !important;background-repeat: no-repeat !important;background-size: cover !important;}&#8221; offset=&#8221;vc_hidden-xs&#8221;][vc_single_image image=&#8221;3102&#8243; alignment=&#8221;right&#8221; img_size=&#8221;full&#8221;][\/vc_column][\/vc_row][vc_row full_width_content=&#8221;full-width&#8221; common_height=&#8221;true&#8221; inner_separator_top=&#8221;0&#8243; inner_separator_bottom=&#8221;0&#8243; css=&#8221;.vc_custom_1457618232297{background-color: rgba(0,0,0,0.03) !important;*background-color: rgb(0,0,0) !important;}&#8221;][vc_column width=&#8221;2\/3&#8243; css=&#8221;.vc_custom_1596068443064{background-image: url(http:\/\/demo.loprd.pl\/creativa\/wp-content\/uploads\/placehold.it\/placehold.it-1920&#215;1280.gif?id=1834) !important;background-position: center !important;background-repeat: no-repeat !important;background-size: cover !important;}&#8221; offset=&#8221;vc_hidden-xs&#8221;][vc_single_image image=&#8221;3103&#8243; alignment=&#8221;right&#8221; img_size=&#8221;full&#8221;][\/vc_column][vc_column width=&#8221;1\/3&#8243; css=&#8221;.vc_custom_1457618494144{padding: 11% !important;}&#8221;][vc_column_text css=&#8221;.vc_custom_1586880437542{border-bottom-width: 2px !important;padding-bottom: 30px !important;border-bottom-color: rgba(0,0,0,0.03) !important;border-bottom-style: solid !important;}&#8221;]<\/p>\n<h2 class=\"jumbo\"><span class=\"color-accent\">04.<\/span><\/h2>\n<p>[\/vc_column_text][vc_column_text]<\/p>\n<h4>Proyectos Especiales<\/h4>\n<p>La contrataci\u00f3n por proyecto implica la realizaci\u00f3n de un proyecto espec\u00edfico por parte de nuestros consultores expertos. Este tipo de contrato puede incluir proyectos de desarrollo de software, dise\u00f1o gr\u00e1fico, marketing digital, entre otros. La contrataci\u00f3n por proyecto puede ser beneficiosa para las empresas que necesitan habilidades o recursos espec\u00edficos que no tienen internamente o para aquellas que necesitan realizar un proyecto en un plazo determinado.<\/p>\n<p>Recibimos todo tipo de comisiones digitales o experiencias dirigidas a un usuario, colocamos p\u00e1ginas en los primeros lugares de los buscadores m\u00e1s populares y trabajamos en regiones o contextos controlados para asegurar las ventas.<\/p>\n<p><a href=\"https:\/\/www.paralab.mx\/main\/home\/cotizador-online\/\">Me interesa \u2192<\/a>[\/vc_column_text][\/vc_column][\/vc_row][vc_row animated_canvas=&#8221;metaBalls&#8221; animated_canvas_color=&#8221;rgba(255,255,255,0.05)&#8221; animated_canvas_count=&#8221;9&#8243; inner_separator_top=&#8221;0&#8243; inner_separator_bottom=&#8221;0&#8243; css=&#8221;.vc_custom_1677783506805{padding-top: 100px !important;padding-bottom: 100px !important;background-color: #252525 !important;}&#8221;][vc_column][vc_empty_space height=&#8221;100&#8243;][vc_row_inner][vc_column_inner width=&#8221;5\/12&#8243;][vc_column_text]<\/p>\n<h2><span style=\"color: #ffffff;\">\u00bfEst\u00e1s creando un <span class=\"font-secondary\"><em>Startup \ud83c\udf31<\/em>\u00a0<\/span>y no sabes por d\u00f3nde <\/span><span style=\"color: #ffffff;\"><span class=\"font-secondary\"><em>empezar?<\/em><\/span><\/span><\/h2>\n<p>[\/vc_column_text][\/vc_column_inner][vc_column_inner width=&#8221;7\/12&#8243;][vc_column_text]<span style=\"color: #999999;\">En Paralab, podemos ayudarte a construir una p\u00e1gina web personalizada que se adapte a tus necesidades y presupuesto. Nuestro equipo de expertos en desarrollo web puede trabajar contigo para crear una p\u00e1gina web atractiva y funcional que te ayude a destacarte en l\u00ednea y atraer a m\u00e1s clientes. No importa si est\u00e1s comenzando desde cero o si ya tienes una idea clara de lo que quieres, estamos aqu\u00ed para ayudarte en cada paso del camino.<\/span><\/p>\n<p><span style=\"color: #ffffff;\"><a style=\"color: #ffffff;\" href=\"https:\/\/www.paralab.mx\/main\/home\/cotizador-online\/\">\u00a1Ponte en contacto con nosotros hoy para comenzar a construir la presencia en l\u00ednea de tu Startup!<\/a><\/span>[\/vc_column_text][\/vc_column_inner][\/vc_row_inner][vc_empty_space height=&#8221;150&#8243;][\/vc_column][\/vc_row]<\/p>\n","protected":false},"excerpt":{"rendered":"<p>[vc_row full_width_content=&#8221;full-width&#8221; css=&#8221;.vc_custom_1442318466378{margin-bottom: 0px !important;}&#8221;][vc_column][\/vc_column][\/vc_row][vc_row animated_canvas=&#8221;metaBalls&#8221; animated_canvas_color=&#8221;#e93b3a&#8221; animated_canvas_count=&#8221;3&#8243; inner_separator_top=&#8221;0&#8243; inner_separator_bottom=&#8221;0&#8243; css=&#8221;.vc_custom_1596065086172{padding-top: 100px !important;}&#8221;][vc_column width=&#8221;2\/3&#8243; offset=&#8221;vc_col-lg-offset-2 vc_col-md-offset-2&#8243;][vc_column_text] M\u00e1s de 15 a\u00f1os programando Dise\u00f1o web centrado en el usuario \ud83d\udc68\ud83c\udffd\u200d\ud83d\udcbb especializados en comercios en l\u00ednea y experiencias [&#8230;]<\/p>\n<p><a class=\"more-link btn btn-default btn-sm\" href=\"https:\/\/www.paralab.mx\/main\/\">Continue Reading<\/a><\/p>\n","protected":false},"author":1,"featured_media":0,"parent":0,"menu_order":0,"comment_status":"closed","ping_status":"closed","template":"template-full-width.php","meta":[],"_links":{"self":[{"href":"https:\/\/www.paralab.mx\/main\/wp-json\/wp\/v2\/pages\/487"}],"collection":[{"href":"https:\/\/www.paralab.mx\/main\/wp-json\/wp\/v2\/pages"}],"about":[{"href":"https:\/\/www.paralab.mx\/main\/wp-json\/wp\/v2\/types\/page"}],"author":[{"embeddable":true,"href":"https:\/\/www.paralab.mx\/main\/wp-json\/wp\/v2\/users\/1"}],"replies":[{"embeddable":true,"href":"https:\/\/www.paralab.mx\/main\/wp-json\/wp\/v2\/comments?post=487"}],"version-history":[{"count":95,"href":"https:\/\/www.paralab.mx\/main\/wp-json\/wp\/v2\/pages\/487\/revisions"}],"predecessor-version":[{"id":3323,"href":"https:\/\/www.paralab.mx\/main\/wp-json\/wp\/v2\/pages\/487\/revisions\/3323"}],"wp:attachment":[{"href":"https:\/\/www.paralab.mx\/main\/wp-json\/wp\/v2\/media?parent=487"}],"curies":[{"name":"wp","href":"https:\/\/api.w.org\/{rel}","templated":true}]}}